{"id":7858,"date":"2019-04-08T17:22:06","date_gmt":"2019-05-09T13:08:01","guid":{"rendered":"https:\/\/www.emmediciotto.com\/?post_type=product&#038;p=7858"},"modified":"2024-05-08T12:09:03","modified_gmt":"2024-05-08T10:09:03","slug":"vitaminic-curltherapy","status":"publish","type":"product","link":"https:\/\/www.emmediciotto.com\/es\/product\/vitaminic-curltherapy\/","title":{"rendered":"Vitaminic CurlTherapy"},"content":{"rendered":"<p style=\"text-align: center;\">Loci\u00f3n rizadora con vitaminas de trigo sin \u00e1cido tioglic\u00f3lico y sin amon\u00edaco.<\/p>\n<p style=\"text-align: center;\">Formulada para todos los tipos de cabello. Crea rizos definidos y fieles al bigud\u00ed, llenos de cuerpo y el\u00e1sticos.<\/p>\n<p style=\"text-align: center;\">No usar en el cabello aclarado.<\/p>\n<p style=\"text-align: center;\">&gt; Loci\u00f3n delicada con un resultado permanente<\/p>\n<p style=\"text-align: center;\">&gt; Con acondicionadores que favorecen la formaci\u00f3n del rizo<\/p>\n<p style=\"text-align: center;\">&gt; Para crear rizos suaves, naturales y duraderos<\/p>\n<p style=\"text-align: center;\">&gt; Dona cuerpo y volumen desde la ra\u00edz hasta las puntas<\/p>\n<p style=\"text-align: center;\">&gt; Para todos los tipos de cabello<\/p>\n","protected":false},"excerpt":{"rendered":"<p>Loci\u00f3n rizadora con vitaminas de trigo sin \u00e1cido tioglic\u00f3lico y sin amon\u00edaco.<\/p>\n","protected":false},"featured_media":6453,"comment_status":"closed","ping_status":"closed","template":"","meta":{"_acf_changed":false},"product_brand":[],"product_cat":[479,155,483],"product_tag":[],"class_list":{"0":"post-7858","1":"product","2":"type-product","3":"status-publish","4":"has-post-thumbnail","6":"product_cat-area-tecnica-es","7":"product_cat-forma-es","8":"product_cat-vitaminic-es","10":"first","11":"instock","12":"shipping-taxable","13":"product-type-simple"},"acf":[],"yoast_head":"<!-- This site is optimized with the Yoast SEO plugin v24.6 - https:\/\/yoast.com\/wordpress\/plugins\/seo\/ -->\n<title>Vitaminic CurlTherapy - Emmediciotto<\/title>\n<meta name=\"robots\" content=\"index, follow, max-snippet:-1, max-image-preview:large, max-video-preview:-1\" \/>\n<link rel=\"canonical\" href=\"https:\/\/www.emmediciotto.com\/es\/product\/vitaminic-curltherapy\/\" \/>\n<meta property=\"og:locale\" content=\"es_ES\" \/>\n<meta property=\"og:type\" content=\"article\" \/>\n<meta property=\"og:title\" content=\"Vitaminic CurlTherapy - Emmediciotto\" \/>\n<meta property=\"og:description\" content=\"Loci\u00f3n rizadora con vitaminas de trigo sin \u00e1cido tioglic\u00f3lico y sin amon\u00edaco.\" \/>\n<meta property=\"og:url\" content=\"https:\/\/www.emmediciotto.com\/es\/product\/vitaminic-curltherapy\/\" \/>\n<meta property=\"og:site_name\" content=\"Emmediciotto\" \/>\n<meta property=\"article:modified_time\" content=\"2024-05-08T10:09:03+00:00\" \/>\n<meta property=\"og:image\" content=\"https:\/\/www.emmediciotto.com\/wp-content\/uploads\/2019\/04\/VITAMINIC-CurlTherapy-500-ml.png\" \/>\n\t<meta property=\"og:image:width\" content=\"500\" \/>\n\t<meta property=\"og:image:height\" content=\"693\" \/>\n\t<meta property=\"og:image:type\" content=\"image\/png\" \/>\n<meta name=\"twitter:card\" content=\"summary_large_image\" \/>\n<meta name=\"twitter:label1\" content=\"Tiempo de lectura\" \/>\n\t<meta name=\"twitter:data1\" content=\"1 minuto\" \/>\n<script type=\"application\/ld+json\" class=\"yoast-schema-graph\">{\"@context\":\"https:\/\/schema.org\",\"@graph\":[{\"@type\":\"WebPage\",\"@id\":\"https:\/\/www.emmediciotto.com\/es\/product\/vitaminic-curltherapy\/\",\"url\":\"https:\/\/www.emmediciotto.com\/es\/product\/vitaminic-curltherapy\/\",\"name\":\"Vitaminic CurlTherapy - Emmediciotto\",\"isPartOf\":{\"@id\":\"https:\/\/www.emmediciotto.com\/#website\"},\"primaryImageOfPage\":{\"@id\":\"https:\/\/www.emmediciotto.com\/es\/product\/vitaminic-curltherapy\/#primaryimage\"},\"image\":{\"@id\":\"https:\/\/www.emmediciotto.com\/es\/product\/vitaminic-curltherapy\/#primaryimage\"},\"thumbnailUrl\":\"https:\/\/www.emmediciotto.com\/wp-content\/uploads\/2019\/04\/VITAMINIC-CurlTherapy-500-ml.png\",\"datePublished\":\"2019-05-09T13:08:01+00:00\",\"dateModified\":\"2024-05-08T10:09:03+00:00\",\"breadcrumb\":{\"@id\":\"https:\/\/www.emmediciotto.com\/es\/product\/vitaminic-curltherapy\/#breadcrumb\"},\"inLanguage\":\"es\",\"potentialAction\":[{\"@type\":\"ReadAction\",\"target\":[\"https:\/\/www.emmediciotto.com\/es\/product\/vitaminic-curltherapy\/\"]}]},{\"@type\":\"ImageObject\",\"inLanguage\":\"es\",\"@id\":\"https:\/\/www.emmediciotto.com\/es\/product\/vitaminic-curltherapy\/#primaryimage\",\"url\":\"https:\/\/www.emmediciotto.com\/wp-content\/uploads\/2019\/04\/VITAMINIC-CurlTherapy-500-ml.png\",\"contentUrl\":\"https:\/\/www.emmediciotto.com\/wp-content\/uploads\/2019\/04\/VITAMINIC-CurlTherapy-500-ml.png\",\"width\":500,\"height\":693},{\"@type\":\"BreadcrumbList\",\"@id\":\"https:\/\/www.emmediciotto.com\/es\/product\/vitaminic-curltherapy\/#breadcrumb\",\"itemListElement\":[{\"@type\":\"ListItem\",\"position\":1,\"name\":\"Home\",\"item\":\"https:\/\/www.emmediciotto.com\/es\/\"},{\"@type\":\"ListItem\",\"position\":2,\"name\":\"Shop\",\"item\":\"https:\/\/www.emmediciotto.com\/es\/shop\/\"},{\"@type\":\"ListItem\",\"position\":3,\"name\":\"Vitaminic CurlTherapy\"}]},{\"@type\":\"WebSite\",\"@id\":\"https:\/\/www.emmediciotto.com\/#website\",\"url\":\"https:\/\/www.emmediciotto.com\/\",\"name\":\"Emmediciotto\",\"description\":\"Take care of your hair as you do with your skin\",\"potentialAction\":[{\"@type\":\"SearchAction\",\"target\":{\"@type\":\"EntryPoint\",\"urlTemplate\":\"https:\/\/www.emmediciotto.com\/?s={search_term_string}\"},\"query-input\":{\"@type\":\"PropertyValueSpecification\",\"valueRequired\":true,\"valueName\":\"search_term_string\"}}],\"inLanguage\":\"es\"}]}<\/script>\n<!-- \/ Yoast SEO plugin. -->","yoast_head_json":{"title":"Vitaminic CurlTherapy - Emmediciotto","robots":{"index":"index","follow":"follow","max-snippet":"max-snippet:-1","max-image-preview":"max-image-preview:large","max-video-preview":"max-video-preview:-1"},"canonical":"https:\/\/www.emmediciotto.com\/es\/product\/vitaminic-curltherapy\/","og_locale":"es_ES","og_type":"article","og_title":"Vitaminic CurlTherapy - Emmediciotto","og_description":"Loci\u00f3n rizadora con vitaminas de trigo sin \u00e1cido tioglic\u00f3lico y sin amon\u00edaco.","og_url":"https:\/\/www.emmediciotto.com\/es\/product\/vitaminic-curltherapy\/","og_site_name":"Emmediciotto","article_modified_time":"2024-05-08T10:09:03+00:00","og_image":[{"width":500,"height":693,"url":"https:\/\/www.emmediciotto.com\/wp-content\/uploads\/2019\/04\/VITAMINIC-CurlTherapy-500-ml.png","type":"image\/png"}],"twitter_card":"summary_large_image","twitter_misc":{"Tiempo de lectura":"1 minuto"},"schema":{"@context":"https:\/\/schema.org","@graph":[{"@type":"WebPage","@id":"https:\/\/www.emmediciotto.com\/es\/product\/vitaminic-curltherapy\/","url":"https:\/\/www.emmediciotto.com\/es\/product\/vitaminic-curltherapy\/","name":"Vitaminic CurlTherapy - Emmediciotto","isPartOf":{"@id":"https:\/\/www.emmediciotto.com\/#website"},"primaryImageOfPage":{"@id":"https:\/\/www.emmediciotto.com\/es\/product\/vitaminic-curltherapy\/#primaryimage"},"image":{"@id":"https:\/\/www.emmediciotto.com\/es\/product\/vitaminic-curltherapy\/#primaryimage"},"thumbnailUrl":"https:\/\/www.emmediciotto.com\/wp-content\/uploads\/2019\/04\/VITAMINIC-CurlTherapy-500-ml.png","datePublished":"2019-05-09T13:08:01+00:00","dateModified":"2024-05-08T10:09:03+00:00","breadcrumb":{"@id":"https:\/\/www.emmediciotto.com\/es\/product\/vitaminic-curltherapy\/#breadcrumb"},"inLanguage":"es","potentialAction":[{"@type":"ReadAction","target":["https:\/\/www.emmediciotto.com\/es\/product\/vitaminic-curltherapy\/"]}]},{"@type":"ImageObject","inLanguage":"es","@id":"https:\/\/www.emmediciotto.com\/es\/product\/vitaminic-curltherapy\/#primaryimage","url":"https:\/\/www.emmediciotto.com\/wp-content\/uploads\/2019\/04\/VITAMINIC-CurlTherapy-500-ml.png","contentUrl":"https:\/\/www.emmediciotto.com\/wp-content\/uploads\/2019\/04\/VITAMINIC-CurlTherapy-500-ml.png","width":500,"height":693},{"@type":"BreadcrumbList","@id":"https:\/\/www.emmediciotto.com\/es\/product\/vitaminic-curltherapy\/#breadcrumb","itemListElement":[{"@type":"ListItem","position":1,"name":"Home","item":"https:\/\/www.emmediciotto.com\/es\/"},{"@type":"ListItem","position":2,"name":"Shop","item":"https:\/\/www.emmediciotto.com\/es\/shop\/"},{"@type":"ListItem","position":3,"name":"Vitaminic CurlTherapy"}]},{"@type":"WebSite","@id":"https:\/\/www.emmediciotto.com\/#website","url":"https:\/\/www.emmediciotto.com\/","name":"Emmediciotto","description":"Take care of your hair as you do with your skin","potentialAction":[{"@type":"SearchAction","target":{"@type":"EntryPoint","urlTemplate":"https:\/\/www.emmediciotto.com\/?s={search_term_string}"},"query-input":{"@type":"PropertyValueSpecification","valueRequired":true,"valueName":"search_term_string"}}],"inLanguage":"es"}]}},"_links":{"self":[{"href":"https:\/\/www.emmediciotto.com\/es\/wp-json\/wp\/v2\/product\/7858","targetHints":{"allow":["GET"]}}],"collection":[{"href":"https:\/\/www.emmediciotto.com\/es\/wp-json\/wp\/v2\/product"}],"about":[{"href":"https:\/\/www.emmediciotto.com\/es\/wp-json\/wp\/v2\/types\/product"}],"replies":[{"embeddable":true,"href":"https:\/\/www.emmediciotto.com\/es\/wp-json\/wp\/v2\/comments?post=7858"}],"wp:featuredmedia":[{"embeddable":true,"href":"https:\/\/www.emmediciotto.com\/es\/wp-json\/wp\/v2\/media\/6453"}],"wp:attachment":[{"href":"https:\/\/www.emmediciotto.com\/es\/wp-json\/wp\/v2\/media?parent=7858"}],"wp:term":[{"taxonomy":"product_brand","embeddable":true,"href":"https:\/\/www.emmediciotto.com\/es\/wp-json\/wp\/v2\/product_brand?post=7858"},{"taxonomy":"product_cat","embeddable":true,"href":"https:\/\/www.emmediciotto.com\/es\/wp-json\/wp\/v2\/product_cat?post=7858"},{"taxonomy":"product_tag","embeddable":true,"href":"https:\/\/www.emmediciotto.com\/es\/wp-json\/wp\/v2\/product_tag?post=7858"}],"curies":[{"name":"wp","href":"https:\/\/api.w.org\/{rel}","templated":true}]}}

<p style="text-align: center;">Loción rizadora con vitaminas de trigo sin ácido tioglicólico y sin amoníaco.</p>
<p style="text-align: center;">Formulada para todos los tipos de cabello. Crea rizos definidos y fieles al bigudí, llenos de cuerpo y elásticos.</p>
<p style="text-align: center;">No usar en el cabello aclarado.</p>
<p style="text-align: center;">&gt; Loción delicada con un resultado permanente</p>
<p style="text-align: center;">&gt; Con acondicionadores que favorecen la formación del rizo</p>
<p style="text-align: center;">&gt; Para crear rizos suaves, naturales y duraderos</p>
<p style="text-align: center;">&gt; Dona cuerpo y volumen desde la raíz hasta las puntas</p>
<p style="text-align: center;">&gt; Para todos los tipos de cabello</p>

<p>Loción rizadora con vitaminas de trigo sin ácido tioglicólico y sin amoníaco.</p>

<!-- This site is optimized with the Yoast SEO plugin v24.6 - https://yoast.com/wordpress/plugins/seo/ -->
<title>Vitaminic CurlTherapy - Emmediciotto</title>
<meta name="robots" content="index, follow, max-snippet:-1, max-image-preview:large, max-video-preview:-1" />
<link rel="canonical" href="https://www.emmediciotto.com/es/product/vitaminic-curltherapy/" />
<meta property="og:locale" content="es_ES" />
<meta property="og:type" content="article" />
<meta property="og:title" content="Vitaminic CurlTherapy - Emmediciotto" />
<meta property="og:description" content="Loción rizadora con vitaminas de trigo sin ácido tioglicólico y sin amoníaco." />
<meta property="og:url" content="https://www.emmediciotto.com/es/product/vitaminic-curltherapy/" />
<meta property="og:site_name" content="Emmediciotto" />
<meta property="article:modified_time" content="2024-05-08T10:09:03+00:00" />
<meta property="og:image" content="https://www.emmediciotto.com/wp-content/uploads/2019/04/VITAMINIC-CurlTherapy-500-ml.png" />
	<meta property="og:image:width" content="500" />
	<meta property="og:image:height" content="693" />
	<meta property="og:image:type" content="image/png" />
<meta name="twitter:card" content="summary_large_image" />
<meta name="twitter:label1" content="Tiempo de lectura" />
	<meta name="twitter:data1" content="1 minuto" />
<script type="application/ld+json" class="yoast-schema-graph">{"@context":"https://schema.org","@graph":[{"@type":"WebPage","@id":"https://www.emmediciotto.com/es/product/vitaminic-curltherapy/","url":"https://www.emmediciotto.com/es/product/vitaminic-curltherapy/","name":"Vitaminic CurlTherapy - Emmediciotto","isPartOf":{"@id":"https://www.emmediciotto.com/#website"},"primaryImageOfPage":{"@id":"https://www.emmediciotto.com/es/product/vitaminic-curltherapy/#primaryimage"},"image":{"@id":"https://www.emmediciotto.com/es/product/vitaminic-curltherapy/#primaryimage"},"thumbnailUrl":"https://www.emmediciotto.com/wp-content/uploads/2019/04/VITAMINIC-CurlTherapy-500-ml.png","datePublished":"2019-05-09T13:08:01+00:00","dateModified":"2024-05-08T10:09:03+00:00","breadcrumb":{"@id":"https://www.emmediciotto.com/es/product/vitaminic-curltherapy/#breadcrumb"},"inLanguage":"es","potentialAction":[{"@type":"ReadAction","target":["https://www.emmediciotto.com/es/product/vitaminic-curltherapy/"]}]},{"@type":"ImageObject","inLanguage":"es","@id":"https://www.emmediciotto.com/es/product/vitaminic-curltherapy/#primaryimage","url":"https://www.emmediciotto.com/wp-content/uploads/2019/04/VITAMINIC-CurlTherapy-500-ml.png","contentUrl":"https://www.emmediciotto.com/wp-content/uploads/2019/04/VITAMINIC-CurlTherapy-500-ml.png","width":500,"height":693},{"@type":"BreadcrumbList","@id":"https://www.emmediciotto.com/es/product/vitaminic-curltherapy/#breadcrumb","itemListElement":[{"@type":"ListItem","position":1,"name":"Home","item":"https://www.emmediciotto.com/es/"},{"@type":"ListItem","position":2,"name":"Shop","item":"https://www.emmediciotto.com/es/shop/"},{"@type":"ListItem","position":3,"name":"Vitaminic CurlTherapy"}]},{"@type":"WebSite","@id":"https://www.emmediciotto.com/#website","url":"https://www.emmediciotto.com/","name":"Emmediciotto","description":"Take care of your hair as you do with your skin","potentialAction":[{"@type":"SearchAction","target":{"@type":"EntryPoint","urlTemplate":"https://www.emmediciotto.com/?s={search_term_string}"},"query-input":{"@type":"PropertyValueSpecification","valueRequired":true,"valueName":"search_term_string"}}],"inLanguage":"es"}]}</script>
<!-- / Yoast SEO plugin. -->

Loción rizadora con vitaminas de trigo sin ácido tioglicólico y sin amoníaco.
