{"id":6617,"date":"2019-04-09T15:31:53","date_gmt":"2019-04-09T13:31:53","guid":{"rendered":"https:\/\/www.emmediciotto.com\/prodotto\/mp-complex\/"},"modified":"2022-08-29T11:18:07","modified_gmt":"2022-08-29T09:18:07","slug":"mp-complex","status":"publish","type":"product","link":"https:\/\/www.emmediciotto.com\/es\/product\/mp-complex\/","title":{"rendered":"MP Complex"},"content":{"rendered":"<p style=\"text-align: center;\">MP COMPLEX es un nuevo servicio que revoluciona el mundo de los servicios t\u00e9cnicos. Es un produco con muy altas prestaci\u00f3nes que se a\u00f1ade a la mezcla decolorante o color para reducir notablemente el riesgo de da\u00f1ar el cabello.<br \/>\nAct\u00faa de manera segura en el cabello aclarado y muy da\u00f1ado. Protege tambi\u00e9n la belleza natural del cabello sano.<\/p>\n<p style=\"text-align: center;\">COMO ACTUA\u00a0Es un produco revolucionario que reconoce el cabello da\u00f1ado. Entonces, interviene de manera eficaz donde los puentes disulfuro est\u00e1n rotos. Act\u00faa como integrador curando las partes da\u00f1adas por decoloraci\u00f3nes anteriores.\u00a0Reintegra y protege el cabello asegurando un aclarado seguro y un cabello perfecto.<\/p>\n<p style=\"text-align: center;\">PORQU\u00c9 ELEGIRLO Su unicidad consiste en su uso:\u00a0No ralentiza el tiempo de aplicaci\u00f3n;\u00a0No ralentiza la fuerza de decoloraci\u00f3n;\u00a0No es necessario aumentar el volumen de ox\u00edgeno;\u00a0Para todos los tipos de cabello.<\/p>\n<p style=\"text-align: center;\"><strong>TODO EN UN PRODUCTO UNIVERSAL!<\/strong><\/p>\n","protected":false},"excerpt":{"rendered":"<p class=\"p1\">Es un produco con muy altas prestaci\u00f3nes que se a\u00f1ade a la mezcla decolorante o color para reducir notablemente el riesgo de da\u00f1ar el cabello.<\/p>\n","protected":false},"featured_media":6618,"comment_status":"open","ping_status":"closed","template":"","meta":{"_acf_changed":false},"product_brand":[],"product_cat":[479],"product_tag":[],"class_list":{"0":"post-6617","1":"product","2":"type-product","3":"status-publish","4":"has-post-thumbnail","6":"product_cat-area-tecnica-es","8":"first","9":"instock","10":"shipping-taxable","11":"product-type-simple"},"acf":[],"yoast_head":"<!-- This site is optimized with the Yoast SEO plugin v24.6 - https:\/\/yoast.com\/wordpress\/plugins\/seo\/ -->\n<title>MP Complex - Emmediciotto<\/title>\n<meta name=\"robots\" content=\"index, follow, max-snippet:-1, max-image-preview:large, max-video-preview:-1\" \/>\n<link rel=\"canonical\" href=\"https:\/\/www.emmediciotto.com\/es\/product\/mp-complex\/\" \/>\n<meta property=\"og:locale\" content=\"es_ES\" \/>\n<meta property=\"og:type\" content=\"article\" \/>\n<meta property=\"og:title\" content=\"MP Complex - Emmediciotto\" \/>\n<meta property=\"og:description\" content=\"Es un produco con muy altas prestaci\u00f3nes que se a\u00f1ade a la mezcla decolorante o color para reducir notablemente el riesgo de da\u00f1ar el cabello.\" \/>\n<meta property=\"og:url\" content=\"https:\/\/www.emmediciotto.com\/es\/product\/mp-complex\/\" \/>\n<meta property=\"og:site_name\" content=\"Emmediciotto\" \/>\n<meta property=\"article:modified_time\" content=\"2022-08-29T09:18:07+00:00\" \/>\n<meta property=\"og:image\" content=\"https:\/\/www.emmediciotto.com\/wp-content\/uploads\/2019\/04\/MP-Complex.png\" \/>\n\t<meta property=\"og:image:width\" content=\"500\" \/>\n\t<meta property=\"og:image:height\" content=\"693\" \/>\n\t<meta property=\"og:image:type\" content=\"image\/png\" \/>\n<meta name=\"twitter:card\" content=\"summary_large_image\" \/>\n<meta name=\"twitter:label1\" content=\"Tiempo de lectura\" \/>\n\t<meta name=\"twitter:data1\" content=\"1 minuto\" \/>\n<script type=\"application\/ld+json\" class=\"yoast-schema-graph\">{\"@context\":\"https:\/\/schema.org\",\"@graph\":[{\"@type\":\"WebPage\",\"@id\":\"https:\/\/www.emmediciotto.com\/es\/product\/mp-complex\/\",\"url\":\"https:\/\/www.emmediciotto.com\/es\/product\/mp-complex\/\",\"name\":\"MP Complex - Emmediciotto\",\"isPartOf\":{\"@id\":\"https:\/\/www.emmediciotto.com\/#website\"},\"primaryImageOfPage\":{\"@id\":\"https:\/\/www.emmediciotto.com\/es\/product\/mp-complex\/#primaryimage\"},\"image\":{\"@id\":\"https:\/\/www.emmediciotto.com\/es\/product\/mp-complex\/#primaryimage\"},\"thumbnailUrl\":\"https:\/\/www.emmediciotto.com\/wp-content\/uploads\/2019\/04\/MP-Complex.png\",\"datePublished\":\"2019-04-09T13:31:53+00:00\",\"dateModified\":\"2022-08-29T09:18:07+00:00\",\"breadcrumb\":{\"@id\":\"https:\/\/www.emmediciotto.com\/es\/product\/mp-complex\/#breadcrumb\"},\"inLanguage\":\"es\",\"potentialAction\":[{\"@type\":\"ReadAction\",\"target\":[\"https:\/\/www.emmediciotto.com\/es\/product\/mp-complex\/\"]}]},{\"@type\":\"ImageObject\",\"inLanguage\":\"es\",\"@id\":\"https:\/\/www.emmediciotto.com\/es\/product\/mp-complex\/#primaryimage\",\"url\":\"https:\/\/www.emmediciotto.com\/wp-content\/uploads\/2019\/04\/MP-Complex.png\",\"contentUrl\":\"https:\/\/www.emmediciotto.com\/wp-content\/uploads\/2019\/04\/MP-Complex.png\",\"width\":500,\"height\":693},{\"@type\":\"BreadcrumbList\",\"@id\":\"https:\/\/www.emmediciotto.com\/es\/product\/mp-complex\/#breadcrumb\",\"itemListElement\":[{\"@type\":\"ListItem\",\"position\":1,\"name\":\"Home\",\"item\":\"https:\/\/www.emmediciotto.com\/es\/\"},{\"@type\":\"ListItem\",\"position\":2,\"name\":\"Shop\",\"item\":\"https:\/\/www.emmediciotto.com\/es\/shop\/\"},{\"@type\":\"ListItem\",\"position\":3,\"name\":\"MP Complex\"}]},{\"@type\":\"WebSite\",\"@id\":\"https:\/\/www.emmediciotto.com\/#website\",\"url\":\"https:\/\/www.emmediciotto.com\/\",\"name\":\"Emmediciotto\",\"description\":\"Take care of your hair as you do with your skin\",\"potentialAction\":[{\"@type\":\"SearchAction\",\"target\":{\"@type\":\"EntryPoint\",\"urlTemplate\":\"https:\/\/www.emmediciotto.com\/?s={search_term_string}\"},\"query-input\":{\"@type\":\"PropertyValueSpecification\",\"valueRequired\":true,\"valueName\":\"search_term_string\"}}],\"inLanguage\":\"es\"}]}<\/script>\n<!-- \/ Yoast SEO plugin. -->","yoast_head_json":{"title":"MP Complex - Emmediciotto","robots":{"index":"index","follow":"follow","max-snippet":"max-snippet:-1","max-image-preview":"max-image-preview:large","max-video-preview":"max-video-preview:-1"},"canonical":"https:\/\/www.emmediciotto.com\/es\/product\/mp-complex\/","og_locale":"es_ES","og_type":"article","og_title":"MP Complex - Emmediciotto","og_description":"Es un produco con muy altas prestaci\u00f3nes que se a\u00f1ade a la mezcla decolorante o color para reducir notablemente el riesgo de da\u00f1ar el cabello.","og_url":"https:\/\/www.emmediciotto.com\/es\/product\/mp-complex\/","og_site_name":"Emmediciotto","article_modified_time":"2022-08-29T09:18:07+00:00","og_image":[{"width":500,"height":693,"url":"https:\/\/www.emmediciotto.com\/wp-content\/uploads\/2019\/04\/MP-Complex.png","type":"image\/png"}],"twitter_card":"summary_large_image","twitter_misc":{"Tiempo de lectura":"1 minuto"},"schema":{"@context":"https:\/\/schema.org","@graph":[{"@type":"WebPage","@id":"https:\/\/www.emmediciotto.com\/es\/product\/mp-complex\/","url":"https:\/\/www.emmediciotto.com\/es\/product\/mp-complex\/","name":"MP Complex - Emmediciotto","isPartOf":{"@id":"https:\/\/www.emmediciotto.com\/#website"},"primaryImageOfPage":{"@id":"https:\/\/www.emmediciotto.com\/es\/product\/mp-complex\/#primaryimage"},"image":{"@id":"https:\/\/www.emmediciotto.com\/es\/product\/mp-complex\/#primaryimage"},"thumbnailUrl":"https:\/\/www.emmediciotto.com\/wp-content\/uploads\/2019\/04\/MP-Complex.png","datePublished":"2019-04-09T13:31:53+00:00","dateModified":"2022-08-29T09:18:07+00:00","breadcrumb":{"@id":"https:\/\/www.emmediciotto.com\/es\/product\/mp-complex\/#breadcrumb"},"inLanguage":"es","potentialAction":[{"@type":"ReadAction","target":["https:\/\/www.emmediciotto.com\/es\/product\/mp-complex\/"]}]},{"@type":"ImageObject","inLanguage":"es","@id":"https:\/\/www.emmediciotto.com\/es\/product\/mp-complex\/#primaryimage","url":"https:\/\/www.emmediciotto.com\/wp-content\/uploads\/2019\/04\/MP-Complex.png","contentUrl":"https:\/\/www.emmediciotto.com\/wp-content\/uploads\/2019\/04\/MP-Complex.png","width":500,"height":693},{"@type":"BreadcrumbList","@id":"https:\/\/www.emmediciotto.com\/es\/product\/mp-complex\/#breadcrumb","itemListElement":[{"@type":"ListItem","position":1,"name":"Home","item":"https:\/\/www.emmediciotto.com\/es\/"},{"@type":"ListItem","position":2,"name":"Shop","item":"https:\/\/www.emmediciotto.com\/es\/shop\/"},{"@type":"ListItem","position":3,"name":"MP Complex"}]},{"@type":"WebSite","@id":"https:\/\/www.emmediciotto.com\/#website","url":"https:\/\/www.emmediciotto.com\/","name":"Emmediciotto","description":"Take care of your hair as you do with your skin","potentialAction":[{"@type":"SearchAction","target":{"@type":"EntryPoint","urlTemplate":"https:\/\/www.emmediciotto.com\/?s={search_term_string}"},"query-input":{"@type":"PropertyValueSpecification","valueRequired":true,"valueName":"search_term_string"}}],"inLanguage":"es"}]}},"_links":{"self":[{"href":"https:\/\/www.emmediciotto.com\/es\/wp-json\/wp\/v2\/product\/6617","targetHints":{"allow":["GET"]}}],"collection":[{"href":"https:\/\/www.emmediciotto.com\/es\/wp-json\/wp\/v2\/product"}],"about":[{"href":"https:\/\/www.emmediciotto.com\/es\/wp-json\/wp\/v2\/types\/product"}],"replies":[{"embeddable":true,"href":"https:\/\/www.emmediciotto.com\/es\/wp-json\/wp\/v2\/comments?post=6617"}],"wp:featuredmedia":[{"embeddable":true,"href":"https:\/\/www.emmediciotto.com\/es\/wp-json\/wp\/v2\/media\/6618"}],"wp:attachment":[{"href":"https:\/\/www.emmediciotto.com\/es\/wp-json\/wp\/v2\/media?parent=6617"}],"wp:term":[{"taxonomy":"product_brand","embeddable":true,"href":"https:\/\/www.emmediciotto.com\/es\/wp-json\/wp\/v2\/product_brand?post=6617"},{"taxonomy":"product_cat","embeddable":true,"href":"https:\/\/www.emmediciotto.com\/es\/wp-json\/wp\/v2\/product_cat?post=6617"},{"taxonomy":"product_tag","embeddable":true,"href":"https:\/\/www.emmediciotto.com\/es\/wp-json\/wp\/v2\/product_tag?post=6617"}],"curies":[{"name":"wp","href":"https:\/\/api.w.org\/{rel}","templated":true}]}}

<p style="text-align: center;">MP COMPLEX es un nuevo servicio que revoluciona el mundo de los servicios técnicos. Es un produco con muy altas prestaciónes que se añade a la mezcla decolorante o color para reducir notablemente el riesgo de dañar el cabello.<br />
Actúa de manera segura en el cabello aclarado y muy dañado. Protege también la belleza natural del cabello sano.</p>
<p style="text-align: center;">COMO ACTUA Es un produco revolucionario que reconoce el cabello dañado. Entonces, interviene de manera eficaz donde los puentes disulfuro están rotos. Actúa como integrador curando las partes dañadas por decoloraciónes anteriores. Reintegra y protege el cabello asegurando un aclarado seguro y un cabello perfecto.</p>
<p style="text-align: center;">PORQUÉ ELEGIRLO Su unicidad consiste en su uso: No ralentiza el tiempo de aplicación; No ralentiza la fuerza de decoloración; No es necessario aumentar el volumen de oxígeno; Para todos los tipos de cabello.</p>
<p style="text-align: center;"><strong>TODO EN UN PRODUCTO UNIVERSAL!</strong></p>

<p class="p1">Es un produco con muy altas prestaciónes que se añade a la mezcla decolorante o color para reducir notablemente el riesgo de dañar el cabello.</p>

<!-- This site is optimized with the Yoast SEO plugin v24.6 - https://yoast.com/wordpress/plugins/seo/ -->
<title>MP Complex - Emmediciotto</title>
<meta name="robots" content="index, follow, max-snippet:-1, max-image-preview:large, max-video-preview:-1" />
<link rel="canonical" href="https://www.emmediciotto.com/es/product/mp-complex/" />
<meta property="og:locale" content="es_ES" />
<meta property="og:type" content="article" />
<meta property="og:title" content="MP Complex - Emmediciotto" />
<meta property="og:description" content="Es un produco con muy altas prestaciónes que se añade a la mezcla decolorante o color para reducir notablemente el riesgo de dañar el cabello." />
<meta property="og:url" content="https://www.emmediciotto.com/es/product/mp-complex/" />
<meta property="og:site_name" content="Emmediciotto" />
<meta property="article:modified_time" content="2022-08-29T09:18:07+00:00" />
<meta property="og:image" content="https://www.emmediciotto.com/wp-content/uploads/2019/04/MP-Complex.png" />
	<meta property="og:image:width" content="500" />
	<meta property="og:image:height" content="693" />
	<meta property="og:image:type" content="image/png" />
<meta name="twitter:card" content="summary_large_image" />
<meta name="twitter:label1" content="Tiempo de lectura" />
	<meta name="twitter:data1" content="1 minuto" />
<script type="application/ld+json" class="yoast-schema-graph">{"@context":"https://schema.org","@graph":[{"@type":"WebPage","@id":"https://www.emmediciotto.com/es/product/mp-complex/","url":"https://www.emmediciotto.com/es/product/mp-complex/","name":"MP Complex - Emmediciotto","isPartOf":{"@id":"https://www.emmediciotto.com/#website"},"primaryImageOfPage":{"@id":"https://www.emmediciotto.com/es/product/mp-complex/#primaryimage"},"image":{"@id":"https://www.emmediciotto.com/es/product/mp-complex/#primaryimage"},"thumbnailUrl":"https://www.emmediciotto.com/wp-content/uploads/2019/04/MP-Complex.png","datePublished":"2019-04-09T13:31:53+00:00","dateModified":"2022-08-29T09:18:07+00:00","breadcrumb":{"@id":"https://www.emmediciotto.com/es/product/mp-complex/#breadcrumb"},"inLanguage":"es","potentialAction":[{"@type":"ReadAction","target":["https://www.emmediciotto.com/es/product/mp-complex/"]}]},{"@type":"ImageObject","inLanguage":"es","@id":"https://www.emmediciotto.com/es/product/mp-complex/#primaryimage","url":"https://www.emmediciotto.com/wp-content/uploads/2019/04/MP-Complex.png","contentUrl":"https://www.emmediciotto.com/wp-content/uploads/2019/04/MP-Complex.png","width":500,"height":693},{"@type":"BreadcrumbList","@id":"https://www.emmediciotto.com/es/product/mp-complex/#breadcrumb","itemListElement":[{"@type":"ListItem","position":1,"name":"Home","item":"https://www.emmediciotto.com/es/"},{"@type":"ListItem","position":2,"name":"Shop","item":"https://www.emmediciotto.com/es/shop/"},{"@type":"ListItem","position":3,"name":"MP Complex"}]},{"@type":"WebSite","@id":"https://www.emmediciotto.com/#website","url":"https://www.emmediciotto.com/","name":"Emmediciotto","description":"Take care of your hair as you do with your skin","potentialAction":[{"@type":"SearchAction","target":{"@type":"EntryPoint","urlTemplate":"https://www.emmediciotto.com/?s={search_term_string}"},"query-input":{"@type":"PropertyValueSpecification","valueRequired":true,"valueName":"search_term_string"}}],"inLanguage":"es"}]}</script>
<!-- / Yoast SEO plugin. -->

Es un produco con muy altas prestaciónes que se añade a la mezcla decolorante o color para reducir notablemente el riesgo de dañar el cabello.
